{"id":77,"date":"2024-02-16T09:20:02","date_gmt":"2024-02-16T08:20:02","guid":{"rendered":"http:\/\/l3cisd23.l3-digital.fr\/?page_id=77"},"modified":"2024-03-08T13:06:33","modified_gmt":"2024-03-08T12:06:33","slug":"mes-centres-dinteret-2","status":"publish","type":"page","link":"https:\/\/l3cisd23.l3-digital.fr\/index.php\/mes-centres-dinteret-2\/","title":{"rendered":"Mes centres d&rsquo;int\u00e9r\u00eat"},"content":{"rendered":"\n<div style=\"height:43px\" aria-hidden=\"true\" class=\"wp-block-spacer\"><\/div>\n\n\n\n<p>Pour commencer, la lecture occupe une place importante dans ma vie, chaque livre me permet d&rsquo;explorer de nouvelles id\u00e9es, de d\u00e9couvrir des perspectives diff\u00e9rentes et d&rsquo;enrichir ma compr\u00e9hension du monde qui m&rsquo;entoure. La lecture est bien plus qu&rsquo;un simple passe-temps pour moi, c&rsquo;est ce qui nourrit mon esprit et ma curiosit\u00e9 intellectuelle.<\/p>\n\n\n<div class=\"wp-block-image\">\n<figure class=\"aligncenter size-full\"><a href=\"http:\/\/l3cisd23.l3-digital.fr\/index.php\/la-lecture\/\"><img loading=\"lazy\" decoding=\"async\" width=\"338\" height=\"234\" src=\"http:\/\/l3cisd23.l3-digital.fr\/wp-content\/uploads\/2024\/03\/lecture.jpeg\" alt=\"\" class=\"wp-image-104\" srcset=\"https:\/\/l3cisd23.l3-digital.fr\/wp-content\/uploads\/2024\/03\/lecture.jpeg 338w, https:\/\/l3cisd23.l3-digital.fr\/wp-content\/uploads\/2024\/03\/lecture-300x208.jpeg 300w\" sizes=\"auto, (max-width: 338px) 100vw, 338px\" \/><\/a><figcaption class=\"wp-element-caption\"><a href=\"http:\/\/l3cisd23.l3-digital.fr\/index.php\/la-lecture\/\" data-type=\"page\" data-id=\"44\"><strong>La Lecture<\/strong><\/a><\/figcaption><\/figure>\n<\/div>\n\n\n<p>D&rsquo;un autre c\u00f4t\u00e9, la boxe anglaise repr\u00e9sente pour moi une toute autre facette de ma personnalit\u00e9. Ce sport exigeant et passionnant m&rsquo;a attir\u00e9 par sa combinaison unique de technique, d&rsquo;agilit\u00e9 et de strat\u00e9gie. Je trouve dans la pratique de la boxe un d\u00e9fi physique et mental stimulant. Chaque s\u00e9ance d&rsquo;entra\u00eenement ou de sparring me pousse \u00e0 repousser mes limites, \u00e0 am\u00e9liorer ma technique et \u00e0 d\u00e9velopper ma force mentale. La boxe m&rsquo;enseigne \u00e9galement la discipline et la pers\u00e9v\u00e9rance, des valeurs qui trouvent \u00e9cho dans tous les aspects de ma vie.<\/p>\n\n\n\n<figure class=\"wp-block-image size-large\"><a href=\"http:\/\/l3cisd23.l3-digital.fr\/index.php\/mes-centres-dinteret\/\"><img loading=\"lazy\" decoding=\"async\" width=\"1024\" height=\"576\" src=\"http:\/\/l3cisd23.l3-digital.fr\/wp-content\/uploads\/2024\/03\/benavidez-1024x576.jpeg\" alt=\"\" class=\"wp-image-105\" srcset=\"https:\/\/l3cisd23.l3-digital.fr\/wp-content\/uploads\/2024\/03\/benavidez-1024x576.jpeg 1024w, https:\/\/l3cisd23.l3-digital.fr\/wp-content\/uploads\/2024\/03\/benavidez-300x169.jpeg 300w, https:\/\/l3cisd23.l3-digital.fr\/wp-content\/uploads\/2024\/03\/benavidez-768x432.jpeg 768w, https:\/\/l3cisd23.l3-digital.fr\/wp-content\/uploads\/2024\/03\/benavidez-1536x864.jpeg 1536w, https:\/\/l3cisd23.l3-digital.fr\/wp-content\/uploads\/2024\/03\/benavidez-1200x675.jpeg 1200w, https:\/\/l3cisd23.l3-digital.fr\/wp-content\/uploads\/2024\/03\/benavidez.jpeg 1920w\" sizes=\"auto, (max-width: 1024px) 100vw, 1024px\" \/><\/a><figcaption class=\"wp-element-caption\"><a href=\"http:\/\/l3cisd23.l3-digital.fr\/index.php\/mes-centres-dinteret\/\" data-type=\"page\" data-id=\"10\"><strong>La boxe anglaise<\/strong><\/a><\/figcaption><\/figure>\n\n\n\n<p>Bien que la lecture et la boxe anglaise semblent \u00eatre des passions diam\u00e9tralement oppos\u00e9es, elles se compl\u00e8tent \u00e9tonnamment bien dans ma vie. La lecture me nourrit intellectuellement, alors que la boxe me permet de repousser mes limites physiques et mentales. Ces deux centres d&rsquo;int\u00e9r\u00eat repr\u00e9sentent des facettes diff\u00e9rentes de ma personnalit\u00e9, mais ensemble, ils fa\u00e7onnent mon identit\u00e9 et enrichissent mon exp\u00e9rience de vie. <\/p>\n","protected":false},"excerpt":{"rendered":"<p>Pour commencer, la lecture occupe une place importante dans ma vie, chaque livre me permet d&rsquo;explorer de nouvelles id\u00e9es, de d\u00e9couvrir des perspectives diff\u00e9rentes et d&rsquo;enrichir ma compr\u00e9hension du monde qui m&rsquo;entoure. La lecture est bien plus qu&rsquo;un simple passe-temps pour moi, c&rsquo;est ce qui nourrit mon esprit et ma curiosit\u00e9 intellectuelle. D&rsquo;un autre c\u00f4t\u00e9, la boxe anglaise repr\u00e9sente pour moi une toute autre facette de ma personnalit\u00e9. Ce sport exigeant et passionnant m&rsquo;a attir\u00e9 par sa combinaison unique de technique, d&rsquo;agilit\u00e9 et de strat\u00e9gie. Je trouve dans la pratique de la boxe un d\u00e9fi physique et mental stimulant. Chaque s\u00e9ance d&rsquo;entra\u00eenement ou de sparring me pousse \u00e0 repousser mes limites, \u00e0 am\u00e9liorer ma technique et \u00e0 d\u00e9velopper ma force mentale. La boxe m&rsquo;enseigne \u00e9galement la discipline et la pers\u00e9v\u00e9rance, des valeurs qui trouvent \u00e9cho dans tous les aspects de ma vie. Bien que la lecture et la boxe anglaise semblent \u00eatre des passions diam\u00e9tralement oppos\u00e9es, elles se compl\u00e8tent \u00e9tonnamment bien dans ma vie. La lecture me nourrit intellectuellement, alors que la boxe me permet de repousser mes limites physiques et mentales. Ces deux centres d&rsquo;int\u00e9r\u00eat repr\u00e9sentent des facettes diff\u00e9rentes de ma personnalit\u00e9, mais ensemble, ils fa\u00e7onnent mon identit\u00e9 et enrichissent mon exp\u00e9rience de vie.<\/p>\n","protected":false},"author":2,"featured_media":0,"parent":0,"menu_order":0,"comment_status":"closed","ping_status":"closed","template":"","meta":{"footnotes":""},"class_list":["post-77","page","type-page","status-publish","hentry"],"_links":{"self":[{"href":"https:\/\/l3cisd23.l3-digital.fr\/index.php\/wp-json\/wp\/v2\/pages\/77","targetHints":{"allow":["GET"]}}],"collection":[{"href":"https:\/\/l3cisd23.l3-digital.fr\/index.php\/wp-json\/wp\/v2\/pages"}],"about":[{"href":"https:\/\/l3cisd23.l3-digital.fr\/index.php\/wp-json\/wp\/v2\/types\/page"}],"author":[{"embeddable":true,"href":"https:\/\/l3cisd23.l3-digital.fr\/index.php\/wp-json\/wp\/v2\/users\/2"}],"replies":[{"embeddable":true,"href":"https:\/\/l3cisd23.l3-digital.fr\/index.php\/wp-json\/wp\/v2\/comments?post=77"}],"version-history":[{"count":9,"href":"https:\/\/l3cisd23.l3-digital.fr\/index.php\/wp-json\/wp\/v2\/pages\/77\/revisions"}],"predecessor-version":[{"id":203,"href":"https:\/\/l3cisd23.l3-digital.fr\/index.php\/wp-json\/wp\/v2\/pages\/77\/revisions\/203"}],"wp:attachment":[{"href":"https:\/\/l3cisd23.l3-digital.fr\/index.php\/wp-json\/wp\/v2\/media?parent=77"}],"curies":[{"name":"wp","href":"https:\/\/api.w.org\/{rel}","templated":true}]}}