{"id":14,"date":"2024-02-05T10:35:49","date_gmt":"2024-02-05T09:35:49","guid":{"rendered":"http:\/\/l3cisd23.l3-digital.fr\/?page_id=14"},"modified":"2024-03-08T12:34:06","modified_gmt":"2024-03-08T11:34:06","slug":"mes-experiences","status":"publish","type":"page","link":"https:\/\/l3cisd23.l3-digital.fr\/index.php\/mes-experiences\/","title":{"rendered":"Mes exp\u00e9riences"},"content":{"rendered":"\n<p>Bienvenue sur la page d\u00e9di\u00e9e \u00e0 mes exp\u00e9riences professionnelles, vous d\u00e9couvrirez les diverses facettes de mon parcours dans le monde du travail.<\/p>\n\n\n\n<p>Mon immersion dans le milieu professionnel a d\u00e9but\u00e9 avec une exp\u00e9rience enrichissante au sein du restaurant <a href=\"http:\/\/l3cisd23.l3-digital.fr\/index.php\/les-planches-a-albigny\/\" data-type=\"page\" data-id=\"64\">\u00ab&nbsp;Les Planches&nbsp;\u00bb \u00e0 Albigny<\/a>. Ce premier pas dans le domaine de la restauration m&rsquo;a permis de d\u00e9couvrir les exigences et les dynamiques propres \u00e0 ce secteur. <\/p>\n\n\n\n<p>Par la suite, j&rsquo;ai eu l&rsquo;opportunit\u00e9 d&rsquo;explorer le monde de la vente lors d&rsquo;un <a href=\"http:\/\/l3cisd23.l3-digital.fr\/index.php\/stage-en-boutique\/\" data-type=\"page\" data-id=\"188\">Stage en boutique<\/a>. En tant que vendeur, j&rsquo;ai appris \u00e0 interagir avec les clients, \u00e0 pr\u00e9senter des produits et \u00e0 r\u00e9pondre \u00e0 leurs besoins de mani\u00e8re efficace. <\/p>\n\n\n\n<p>\u00c0 travers ces diff\u00e9rentes exp\u00e9riences, j&rsquo;ai pu acqu\u00e9rir un ensemble de comp\u00e9tences vari\u00e9es, tout en affirmant ma passion pour le travail en \u00e9quipe. Je suis convaincu que ces exp\u00e9riences ont \u00e9t\u00e9 des facteurs essentiels dans mon d\u00e9veloppement personnel.<\/p>\n","protected":false},"excerpt":{"rendered":"<p>Bienvenue sur la page d\u00e9di\u00e9e \u00e0 mes exp\u00e9riences professionnelles, vous d\u00e9couvrirez les diverses facettes de mon parcours dans le monde du travail. Mon immersion dans le milieu professionnel a d\u00e9but\u00e9 avec une exp\u00e9rience enrichissante au sein du restaurant \u00ab&nbsp;Les Planches&nbsp;\u00bb \u00e0 Albigny. Ce premier pas dans le domaine de la restauration m&rsquo;a permis de d\u00e9couvrir les exigences et les dynamiques propres \u00e0 ce secteur. Par la suite, j&rsquo;ai eu l&rsquo;opportunit\u00e9 d&rsquo;explorer le monde de la vente lors d&rsquo;un Stage en boutique. En tant que vendeur, j&rsquo;ai appris \u00e0 interagir avec les clients, \u00e0 pr\u00e9senter des produits et \u00e0 r\u00e9pondre \u00e0 leurs besoins de mani\u00e8re efficace. \u00c0 travers ces diff\u00e9rentes exp\u00e9riences, j&rsquo;ai pu acqu\u00e9rir un ensemble de comp\u00e9tences vari\u00e9es, tout en affirmant ma passion pour le travail en \u00e9quipe. Je suis convaincu que ces exp\u00e9riences ont \u00e9t\u00e9 des facteurs essentiels dans mon d\u00e9veloppement personnel.<\/p>\n","protected":false},"author":1,"featured_media":0,"parent":0,"menu_order":0,"comment_status":"closed","ping_status":"closed","template":"","meta":{"footnotes":""},"class_list":["post-14","page","type-page","status-publish","hentry"],"_links":{"self":[{"href":"https:\/\/l3cisd23.l3-digital.fr\/index.php\/wp-json\/wp\/v2\/pages\/14","targetHints":{"allow":["GET"]}}],"collection":[{"href":"https:\/\/l3cisd23.l3-digital.fr\/index.php\/wp-json\/wp\/v2\/pages"}],"about":[{"href":"https:\/\/l3cisd23.l3-digital.fr\/index.php\/wp-json\/wp\/v2\/types\/page"}],"author":[{"embeddable":true,"href":"https:\/\/l3cisd23.l3-digital.fr\/index.php\/wp-json\/wp\/v2\/users\/1"}],"replies":[{"embeddable":true,"href":"https:\/\/l3cisd23.l3-digital.fr\/index.php\/wp-json\/wp\/v2\/comments?post=14"}],"version-history":[{"count":5,"href":"https:\/\/l3cisd23.l3-digital.fr\/index.php\/wp-json\/wp\/v2\/pages\/14\/revisions"}],"predecessor-version":[{"id":196,"href":"https:\/\/l3cisd23.l3-digital.fr\/index.php\/wp-json\/wp\/v2\/pages\/14\/revisions\/196"}],"wp:attachment":[{"href":"https:\/\/l3cisd23.l3-digital.fr\/index.php\/wp-json\/wp\/v2\/media?parent=14"}],"curies":[{"name":"wp","href":"https:\/\/api.w.org\/{rel}","templated":true}]}}